prime?
False
Is 119811 composite?
True
Is 26359 composite?
True
Is 1901 a composite number?
False
Is 5127 composite?
True
Is 92317 a composite number?
False
Is 1025909 prime?
True
Is 45443 prime?
False
Is 79109 prime?
False
Is 221159 composite?
False
Is 2713037 a prime number?
False
Is 1997855 prime?
False
Is 51209 a composite number?
True
Is 829267 composite?
False
Is 62533 prime?
True
Is 8129 prime?
False
Is 3319 prime?
True
Is 10078 composite?
True
Is 1331195 prime?
False
Is 1711613 composite?
False
Is 44309 a composite number?
True
Is 195257 prime?
False
Is 292121 a prime number?
False
Is 36833 a prime number?
True
Is 15179 a composite number?
True
Is 749 a composite number?
True
Is 3761 a composite number?
False
Is 414179 a prime number?
True
Is 645571 a composite number?
False
Is 53759 composite?
False
Is 479929 composite?
True
Is 7613 a prime number?
False
Is 247087 a composite number?
False
Is 97015 prime?
False
Is 64373 a prime number?
True
Is 9791 a prime number?
True
Is 99701 composite?
True
Is 72613 prime?
True
Is 155 composite?
True
Is 147887 composite?
True
Is 16439 prime?
False
Is 262187 a composite number?
False
Is 11371 prime?
False
Is 476365 a composite number?
True
Is 8499 a prime number?
False
Is 591499 a composite number?
False
Is 66569 prime?
True
Is 411919 prime?
True
Is 157867 a composite number?
False
Is 461047 a composite number?
True
Is 962233 prime?
True
Is 63241 composite?
False
Is 2754361 composite?
False
Is 4955 a prime number?
False
Is 13081 prime?
False
Is 621463 prime?
False
Is 38723 composite?
False
Is 269321 a prime number?
False
Is 426859 composite?
False
Is 6329 composite?
False
Is 3049 composite?
False
Is 4849 prime?
False
Is 23137 prime?
False
Is 30614 prime?
False
Is 220931 composite?
False
Is 5041 a composite number?
True
Is 2927 composite?
False
Is 5357051 prime?
False
Is 18787 composite?
False
Is 25269 prime?
False
Is 17509 a prime number?
True
Is 139361 prime?
True
Is 49015 prime?
False
Is 30409 composite?
True
Is 58321 composite?
False
Is 7717 a prime number?
True
Is 284587 composite?
False
Is 265549 composite?
True
Is 91453 composite?
False
Is 64865 prime?
False
Is 18707 prime?
False
Is 80849 prime?
True
Is 53817 a composite number?
True
Is 721 a prime number?
False
Is 611 a composite number?
True
Is 3643 prime?
True
Is 152357 a prime number?
False
Is 180773 a prime number?
True
Is 64399 prime?
True
Is 4711 a prime number?
False
Is 27503 a composite number?
True
Is 5971 a composite number?
True
Is 39359 composite?
False
Is 140221 prime?
True
Is 409 a composite number?
False
Is 7603 a composite number?
False
Is 3949 a composite number?
True
Is 64443 a prime number?
False
Is 383059 prime?
False
Is 505249 a prime number?
False
Is 25969 a prime number?
True
Is 77999 composite?
False
Is 25301 a prime number?
True
Is 31765 a prime number?
False
Is 4987 a prime number?
True
Is 13999 composite?
False
Is 545 a composite number?
True
Is 887 prime?
True
Is 18877 prime?
False
Is 900083 prime?
False
Is 9277 a prime number?
True
Is 194003 prime?
True
Is 1487917 a prime number?
True
Is 15259 a composite number?
False
Is 10223 a composite number?
False
Is 397897 a composite number?
False
Is 1907 a composite number?
False
Is 4283 a composite number?
False
Is 91634 a prime number?
False
Is 4769 prime?
False
Is 757 a prime number?
True
Is 7717 composite?
False
Is 9239 prime?
True
Is 2257193 a composite number?
False
Is 13669 a composite number?
False
Is 14141 composite?
True
Is 33881 a prime number?
False
Is 5701 a prime number?
True
Is 35005 a prime number?
False
Is 212519 composite?
True
Is 5951 prime?
False
Is 10007 a prime number?
True
Is 121139 a prime number?
True
Is 2237 a composite number?
False
Is 26669 composite?
False
Is 23038 composite?
True
Is 3359 prime?
True
Is 4751 composite?
False
Is 3335159 composite?
False
Is 75853 prime?
True
Is 10783 a prime number?
False
Is 40787 prime?
True
Is 9983 composite?
True
Is 2279 prime?
False
Is 792443 a prime number?
True
Is 120121 a prime number?
True
Is 228295 prime?
False
Is 30437 a composite number?
True
Is 89207 prime?
False
Is 996785 composite?
True
Is 398813 prime?
True
Is 677 a composite number?
False
Is 4632191 a prime number?
True
Is 676493 prime?
True
Is 1731657 a composite number?
True
Is 143435 prime?
False
Is 15149 a composite number?
False
Is 20611 composite?
False
Is 13291 a prime number?
True
Is 24499 a composite number?
False
Is 1097 a prime number?
True
Is 688889 composite?
False
Is 16309 prime?
False
Is 9731 composite?
True
Is 4666 a prime number?
False
Is 283487 a composite number?
False
Is 236921 a composite number?
True
Is 21127 prime?
False
Is 438601 composite?
False
Is 435037 a composite number?
False
Is 10319 a composite number?
True
Is 3847 composite?
False
Is 81943 a composite number?
False
Is 182393 prime?
False
Is 25837 composite?
True
Is 267629 prime?
True
Is 257053 a composite number?
False
Is 4201 a composite number?
False
Is 10559 a prime number?
True
Is 1475035 a composite number?
True
Is 27533 prime?
False
Is 29957 a prime number?
False
Is 692009 a prime number?
True
Is 472523 a composite number?
False
Is 6779 prime?
True
Is 945743 prime?
False
Is 182607 a prime number?
False
Is 125546 prime?
False
Is 36247 prime?
False
Is 141259 a prime number?
False
Is 29081 a prime number?
False
Is 148991 composite?
False
Is 46541 a composite number?
True
Is 15591 a prime number?
False
Is 1361 composite?
False
Is 541001 a prime number?
True
Is 1094 a composite number?
True
Is 55763 a prime number?
True
Is 6217 prime?
True
Is 49701 prime?
False
Is 146161 composite?
False
Is 84589 composite?
False
Is 165611 a prime number?
True
Is 29179 a composite number?
False
Is 127031 composite?
False
Is 44813 a composite number?
True
Is 1201897 prime?
False
Is 4358 a composite number?
True
Is 267091 composite?
True
Is 208279 prime?
True
Is 3967 a prime number?
True
Is 64587 a prime number?
False
Is 304511 composite?
False
Is 73933 a prime number?
False
Is 11777 prime?
True
Is 599737 composite?
True
Is 62809 prime?
False
Is 485 a prime number?
False
Is 6029 a prime number?
True
Is 986903 a composite number?
False
Is 745 a prime number?
False
Is 5201 a composite number?
True
Is 3841 composite?
True
Is 16943 composite?
False
Is 5909 prime?
False
Is 287751 prime?
False
Is 237377 composite?
True
Is 16183 prime?
True
Is 194611 a composite number?
True
Is 20047 composite?
False
Is 109679 composite?
True
Is 800839 a composite number?
True
Is 865 a composite number?
True
Is 1376503 composite?
False
Is 432467 prime?
False
Is 1360349 a prime number?
True
Is 3163 a composite number?
False
Is 7151 composite?
False
Is 274867 a composite number?
False
Is 3953 a composite number?
True
Is 22951 a composite number?
True
Is 35779 composite?
True
Is 121421 a composite number?
False
Is 67227 a composite number?
True
Is 21701 prime?
True
Is 230369 prime?
True
Is 42037 prime?
False
Is 1519719 a prime number?
False
Is 960637 composite?
False
Is 899293 a prime number?
False
Is 8321 composite?
True
Is 1249189 prime?
False
Is 62657 composite?
True
Is 19799 a prime number?
False
Is 3973 prime?
False
Is 29773 composite?
True
Is 159539 prime?
True
Is 1924987 a composite number?
True
Is 75571 composite?
False
Is 608147 prime?
True
Is 25459 a composite number?
True
Is 25841 a composite number?
False
Is 6299 prime?
True
Is 27677 a composite number?
True
Is 14629 a composite number?
False
Is 242483 a prime number?
True
Is 75431 prime?
True
Is 6731 a prime number?
False
Is 2459 a prime number?
True
Is 131483 composite?
True
Is 4303 composite?
True
Is 2073 a composite number?
True
Is 2106487 composite?
True
Is 253087 composite?
True
Is 64507 a prime number?
False
Is 169003 a composite number?
False
Is 11369 prime?
True
Is 16018 a prime number?
False
Is 362711 a composite number?
True
Is 191227 composite?
False
Is 44827 composite?
True
Is 2927 prime?
True
Is 82282 a prime number?
False
Is 7477 composite?
False
Is 351427 composite?
False
Is 29773 prime?
False
Is 13315 composite?
True
Is 39929 a prime number?
True
Is 23451 a prime number?
False
Is 453827 a composite number?
True
Is 191161 a prime number?
True
Is 4907 a composite number?
True
Is 10903 prime?
True
Is 12659 composite?
False
Is 2